) be the first derivative of 1070*g**3/3 - g - 4. Let w be -9 + (-80)/56*-7. Is l(w) prime?
True
Suppose -2*q - 3*a + 313 = -q, -646 = -2*q - a. Is -4*q/(-10) + -3 a composite number?
False
Is 22/121 - ((-5588925)/11)/5 prime?
False
Let p(g) = -1821*g + 1. Let s(q) = 3640*q - 1. Let l(t) = -7*p(t) - 3*s(t). Is l(1) a prime number?
True
Let z(d) = d**3 + d**2 - d + 5106. Let f be z(0). Let y = -2399 + f. Suppose y = 8*t - 21. Is t a prime number?
False
Suppose -6 = 2*f - 5*f, 0 = -5*o - 4*f + 18618. Let y(b) = -158*b - 7. Let v be y(7). Let u = v + o. Is u prime?
True
Let z(q) = -1817*q - 1188. Is z(-47) composite?
False
Let s = 1229526 - 653539. Is s composite?
False
Let j(t) = t**3 - 3*t**2 - 5*t + 8. Let k(p) = p**2 + 6*p + 4. Let f be k(-6). Let l be j(f). Let a(m) = 65*m + 5. Is a(l) prime?
False
Suppose -4*i + 4031240 + 1711062 = 9*o, -2*i + 5*o + 2871208 = 0. Is i a prime number?
True
Let k(v) = -7*v - 52. Let i be k(-4). Suppose -18 = -2*h - 2*j, 4*h - 24 + 0 = 2*j. Let l = h - i. Is l a composite number?
False
Let w = 92257 - 16646. Is w prime?
True
Let i = 146185 - 99296. Is i composite?
False
Let t(d) = 10*d + 70. Let n be t(-7). Suppose n = 33*g - 219384 + 45375. Is g a prime number?
True
Suppose -3*v = 4*m - 6*m - 53023, 2*v - 35322 = -4*m. Is v a composite number?
True
Suppose 3*z + 3*p - 2*p - 5 = 0, -p - 7 = -3*z. Suppose -13*o = -41*o + 4060. Suppose o = -z*u - a + 587, 5*u = a + 1105. Is u a prime number?
False
Let i(d) be the first derivative of -39*d**4/4 + 4*d**3/3 + d**2 + 4*d - 20. Is i(-3) composite?
False
Suppose -21*s - 522798 = -4*o - 19*s, 0 = 3*o - s - 392098. Is o composite?
False
Let l(m) = 5859*m - 94. Let o be l(3). Let d = -8300 + o. Is d prime?
False
Suppose -166*j - 4910089 = -44*j - 28839047. Is j a prime number?
True
Let c = -3001 - -4450. Let s be (7/(14/(-52)))/((-1)/(-20)). Let a = c + s. Is a a composite number?
False
Let r = 20131 + 5347. Is r prime?
False
Suppose -5*i = 183*l - 180*l - 9513, -4*l - 5*i + 12689 = 0. Let a(m) = -28*m**3 - 2*m + 3. Let x be a(-3). Suppose -o + l = x. Is o a prime number?
True
Let t(w) = 4692*w**3 + 2*w**2 - 9*w + 13. Let a be t(2). Suppose -3*d + a = 3*v, 4*d - 2*d = -4. Is v composite?
True
Let a(g) = g**3 + 4*g**2 - 6*g + 6. Let s be a(-5). Suppose -10*u - 25 = -s*u. Suppose -27*y + u*y = -722. Is y a prime number?
False
Let a = -10 - -41. Let m be a/4 - 3/12*3. Let g(y) = 10*y**2 + 12*y + 13. Is g(m) prime?
True
Let r be 2658/(-12)*(-4)/(-2). Let j = 719 + r. Suppose 0 = -3*s + 3*i + j + 1344, 0 = 5*s + i - 2706. Is s a composite number?
False
Let x(f) = 5 + 2*f - 18 + 12*f + 229*f**2. Is x(-6) a prime number?
True
Let g = 73795 + 50178. Is g a prime number?
True
Let h(m) = 5*m + 50. Let b be h(-9). Suppose 2*u - 4781 = -b*u. Is u a prime number?
True
Suppose -n + 3*q + 18576 = 0, -q - 4*q + 37119 = 2*n. Suppose -111*r + 102*r = -n. Is r composite?
False
Suppose 0 = -r - 4*s + 77809, -12*r - 389067 = -17*r + 2*s. Is r prime?
True
Suppose -2*u - u = -3*y + 12, -3*u = -9. Is (-2)/y - 2619265/(-385) a prime number?
True
Is (-2)/(18 + (-7513088)/417392) composite?
True
Let p = 185 - 71. Suppose 11*d = -323 + p. Let i(j) = -77*j + 80. Is i(d) a composite number?
False
Let l(c) = 2*c**3 - 157*c**2 + 28*c - 2512. Is l(111) composite?
False
Let k = -86 + 90. Let g be (-2122)/k - (-9)/(-18). Let v = g + 1046. Is v composite?
True
Suppose 3*s + 94 - 10 = 3*p, 136 = 5*p - s. Is 3/p + (114160/9)/5 composite?
True
Let d = -192 + 351. Let f = -367 + d. Let s = f - -357. Is s a prime number?
True
Let d(s) = 74*s**2 + 16*s + 89. Let b = -239 + 233. Is d(b) prime?
True
Suppose 7*j - 7500 = -3*j. Suppose -5*y - j = -3*d + 86, -y = -3*d + 844. Is (1/4)/(6/d)*4 a prime number?
True
Let c be (-10 - -5)/((-3)/3). Suppose -c*u = 2*s - u - 300, -3*u - 815 = -5*s. Suppose 5*f = -4*v + 162, f = 4*v + 5*f - s. Is v composite?
True
Suppose -878*p + 867*p = -451684 - 819685. Is p prime?
False
Suppose -5*m + 0*j + j - 156 = 0, 8 = -2*j. Let d = m - -37. Suppose 0*z = -3*b - d*z + 633, -2*b - z = -422. Is b prime?
True
Suppose 0*f - 5*f = -8310. Let l be (-10)/(-4)*28/35. Suppose f - 488 = l*t. Is t a prime number?
True
Suppose -7*t - 92 = -855. Suppose -140*c + t*c = -1272457. Is c prime?
True
Suppose -45854 = -0*d - 5*d + 73731. Is d prime?
True
Suppose -3*h + 3*u + 63 = 0, -h + 8*u - 3*u = -9. Suppose 4*m = -2*s + h, s + 4*m = -3*s + 28. Suppose s*o - 10 = 28. Is o a prime number?
True
Suppose 558 = -4*t + 5*s - 208, 5*t + 949 = 2*s. Let v = -608 - -928. Let y = v + t. Is y a prime number?
True
Let z(t) = 11*t**2 - 14*t. Let u be z(14). Let x = -865 + u. Let s = 2488 - x. Is s a composite number?
True
Let w(i) = -202*i**3 - 16*i**2 + 15*i + 64. Is w(-9) a prime number?
False
Let k(g) = 4263*g**2 - 19*g + 46. Let x be k(3). Suppose 96707 - x = 5*a + 2*v, -a + 4*v = -11657. Is a prime?
False
Let o be (-4)/(-6) - 26166/(-9). Let r = 5351 - o. Suppose 2*v + 4878 = 4*d, -2*d + 2*v = -3*v - r. Is d a composite number?
True
Let b be 1/2 + (-10125)/(-2). Suppose q - 1773 = b. Suppose 0 = -2*i + 6*i - q. Is i prime?
True
Let q(a) = -36516*a + 1937. Is q(-6) composite?
True
Let v(a) = -a**3 + 16*a**2 - 13*a - 26. Let o be v(15). Suppose 0 = -o*i + 5*c + 18504, i + 17*c = 22*c + 4641. Is i a composite number?
False
Let z = -17710 + 30387. Is z a prime number?
False
Suppose 1213*h - 4584207 = 1146*h. Is h a composite number?
True
Suppose -15 = -6*j + 4*j + 3*i, 2*i + 10 = j. Suppose 4*o - 8204 = 2*b, j = -5*o + 5*b - 1627 + 11882. Let s = -1056 + o. Is s composite?
True
Suppose 2*r - 16 = 4*r. Let s(i) = -614*i + 55. Is s(r) prime?
True
Suppose 137*t + 1663796 - 3044485 = 4253573. Is t composite?
True
Suppose 81*p + 30*p + 35*p - 19119722 = 0. Is p a prime number?
True
Suppose -u = 4*k + 9, -5*u - 3*k = -42 + 2. Let p(z) = -3*z + 35. Let r be p(u). Is (-13264)/(-8) + (1 - r) prime?
True
Let t be 304 + 13/(65/(-20)). Is 9570/4 - (t/24 - 11) a composite number?
True
Suppose 4*p + 4*s = 34375 + 19845, 0 = -2*p + s + 27107. Suppose 4*u - h = p, 6*u = 7*u + 5*h - 3399. Is u prime?
True
Suppose 0 = -5*p - 5*b + 11 + 4, -27 = -4*p - b. Suppose -d - 16751 = -p*d. Suppose 3*l + 5*j = 2348, 6*j + d = 3*l + 2*j. Is l a prime number?
False
Let o(q) = 4*q**2 + 100*q - 8. Let z be o(-25). Is (z + (-225)/(-27))*3*14699 a composite number?
False
Suppose -4*l - a - a = -16, 5*l - 3*a = 20. Suppose -l*g - 3*b = g - 5, -20 = -4*b. Is 16/16 - (-20 + g/2) prime?
False
Is ((-3627)/(-2418))/(2*(-6)/(-624040)) prime?
False
Suppose -6*i = -9*i. Suppose i = 4*c - 5*c + 381. Is c composite?
True
Is 2197038 - (2 + -11) - 8/(6/3) composite?
False
Let w(y) be the third derivative of y**6/120 - 17*y**5/60 + 29*y**4/24 + 19*y**3/6 + 26*y**2. Let m be w(15). Suppose m*z - 310 = -6*z. Is z a prime number?
True
Let z(t) = -3191*t - 457. Is z(-4) a prime number?
False
Let x(s) = 2*s**2 + 18. Let w be x(-8). Suppose w = -n + 358. Suppose 4*d = -4*j + 432, -3*d - j + n = -118. Is d a prime number?
False
Let d(h) = -13*h**3 + 6*h**3 - 4 - 4*h**2 + 5*h + 6*h**3. Let n be d(-5). Is ((-2)/n)/(4/4744) prime?
True
Suppose -4*r + 2*h + 3*h + 9445 = 0, -2*r + 4*h + 4718 = 0. Suppose 157*w + r = 162*w. Is w a prime number?
False
Let x = -1901 - -1900. Suppose 0 = -r - 4*p - 8, -4*r + 40 = -7*r - 4*p. Is (3/(-12))/x - 2092/r a prime number?
True
Let k = 212904 - 119161. Is k a prime number?
False
Let s = 63011 - 27648. Is s a prime number?
True
Let d = 11 + -22. Let j = 680 - 668. Is d/66 + 4766/j prime?
True
Let r(g) = 93*g - 44. Let d be r(16). Suppose 2*y - 2*z - 12762 = d, -4*y - 4*z + 28412 = 0. Is y prime?
True
Let g = 151 - 58. Let n = -83 + g. Suppose -4*r = 3*c - 2*c - n, 0 = 3*c - 4*r - 46. Is c prime?
False
Suppose -3*k - 4*d = -5*d - 23, 2*d + 4 = -k. Suppose 0 = 3*a + k*a - 99. Suppose a*t = 14*t - 1941. Is t composite?
False
Let r = 709 - 652. Suppose 12*q + 671535 = r*q. Is q a composite number?
False
Let a = 354461 - 230800. Is a composite?
False
Let f(q) = q**2 + 15*q + 4. Let s be f(-15). Suppose 5*b = -2*z + 6*b, 3*z = -s*b + 11. Is (0 + 1 - -7797)/(z + 1) prime?
False
Let c = -50 - -67. Suppose 0 = 11*o - c + 28. Is (-36 + 1)*o - 1*-3 prime?
False
Let f(v) = 3428*v - 10. Let k(s) = -1713*s + 6. Let m(p) = 4*f(p) + 9*k(p). Is m(-3